late c(-4).
6
Let q = -56 + 56. Let v be q + 0/1 + 3. Let g(z) = 7*z**2 + 0 + 3 + 19*z + 0 - 16*z + z**v. Give g(-7).
-18
Let n(t) = 31 + 22 - 9*t + 29 + 27 - 110. Let x = 4 - 6. What is n(x)?
17
Let z = -334 + 337. Let x be (592/111)/((-2)/z). Let m(d) = -d**3 - 8*d**2 + d + 1. Give m(x).
-7
Suppose -22*q - 945 = -98*q + 211*q. Let j(o) be the second derivative of o**4/6 + 7*o**3/6 - 5*o**2 - 2*o. What is j(q)?
39
Let j be (247/26)/((-1)/(-2) - 0). Let o(z) = 7*z**2 - j*z**2 + 4*z - 6 + 13*z**2. Calculate o(-6).
6
Let p(l) = -6361*l**2 + 3180*l**2 + 3180*l**2 + 2*l - 2 - 12*l**3. Determine p(1).
-13
Let b(p) = -3*p - 7*p + 5*p - 3. Let n be b(-1). Let u(s) = -4*s**2 + 3*s**n + 3*s**2 + 2*s + 8*s**3 - s. What is u(-1)?
-7
Let f(m) = m**3 - 2*m**2 - m + 1. Let d(s) = 17*s - 239. Let l be d(13). Let t be (8/l)/(28/(-126)). What is f(t)?
-1
Let r(v) = v + 7. Let q be 1056/174 - 16/232. Give r(q).
13
Let h(i) = -10*i + 5. Let u(s) = 36*s + 75. Let b be u(-2). Let n(c) = 13*c - 7. Let a(k) = b*n(k) + 4*h(k). What is a(2)?
-3
Suppose 5*w - k + 44 = k, -w - 4*k = 0. Let q(m) = 2*m + 20. Determine q(w).
4
Suppose -925 + 871 = -18*c. Let o(n) be the second derivative of -1/12*n**4 - 5*n**2 - 16*n - 5/3*n**c + 0. Calculate o(-8).
6
Let s(y) = y**2 + 108*y - 1059. Let o be s(9). Let t(j) = -5 - 3 - 2 - 5*j. Determine t(o).
20
Let g(h) = 8*h**2 - 37*h + 18. Suppose 0 = 242*z + 251*z - 1972. What is g(z)?
-2
Let l(d) = 4*d**3 - 29*d**2 + 6*d + 8. Let z be l(7). Let y(g) = -18*g + 9*g**2 + 8*g - 11*g**2 + 8*g + z. Determine y(-2).
-3
Let t(r) = -4*r**3 - 20*r**2 + 26*r + 15. Let m be t(-6). Let f(z) = 6*z**2 - 4*z + 3. Calculate f(m).
45
Let m(i) = 14*i - 13. Let h be ((-888)/18)/(-37)*6/8. What is m(h)?
1
Let q(y) = -y - 20. Let u be q(-24). Let z(n) = -u*n - 13*n**2 + n**3 + 9 - 1 - 5*n**2 + 12*n**2. Give z(7).
29
Let m(p) = 7*p**2 + 120*p + 13. Suppose -t - 53 = 5*z - 21, 2*z = 3*t + 45. Give m(t).
-4
Let w(y) = y**3 - 14*y**2 - 14*y - 5. Let h be (472/24 - 15)*144/14. Suppose 3*r + 3*t = 6*t + h, -r + 17 = -2*t. What is w(r)?
10
Let a(v) = -v**2 + 17*v - 38. Let l = 32981 + -32969. Give a(l).
22
Let q(d) be the second derivative of -d**4/12 + 5*d**3/3 + d**2/2 - 6*d + 17. Give q(7).
22
Let r(b) = b**3 + 12*b**2 + 7*b - 3. Let w be r(-11). Let p(k) = 2 - k**3 + 13*k**2 + 94*k - 46*k - w*k - 4*k**2. What is p(10)?
-28
Suppose -2 + 7 = -5*t - 5*b, -2*b = -4*t + 26. Suppose -t*v + 2 = h - 6, 4*h - 32 = 5*v. Let r(m) = -m**2 + 8*m + 11. Determine r(h).
11
Suppose o - 4*l = 6, 4*o - 10*l + 6*l = 60. Suppose 0 = o*d - 50 - 76. Let x(f) = -f**3 + 8*f**2 - 8*f - 4. Determine x(d).
-11
Let r = 4 - 4. Let t(v) = 7*v**2 - 6*v - 5. Let x(o) = -6*o**2 + 5*o + 5. Let l(m) = -5*t(m) - 6*x(m). Calculate l(r).
-5
Let h(n) = 106*n - 22. Let p(z) = 49*z - 11. Let s(k) = 6*h(k) - 13*p(k). Determine s(-8).
19
Let t(k) = -3*k**2 + 36*k + 9. Suppose 16*j = 7 + 185. Calculate t(j).
9
Let c(k) be the second derivative of 14*k + 0 - 5/2*k**2 - 2/3*k**3. Let h be c(-2). Let b(q) = -q - 4. Calculate b(h).
-7
Let s(d) = -47*d - 135. Let i be s(-3). Suppose 0 = -2*a - i + 2, a + 24 = 2*v. Let h(b) = b - 1. Give h(v).
10
Let a(s) be the third derivative of -s**5/60 + 5*s**4/24 - 2*s**3/3 + 7*s**2. Suppose -32*b - 2 = -31*b. Let u be (-1)/(((-6)/(-9))/b). Calculate a(u).
2
Let f(g) = -g - 4 + 2 - 2. Suppose 0 = 2*m - o - 16, -m - o = -8 + 6. Determine f(m).
-10
Let u(x) = -19*x + 8*x - 4 + 6*x - x**2. Let a be u(0). Let d(q) = 4*q**2 + 6*q + 3 - 1 - 3*q + q**3. Calculate d(a).
-10
Let s(g) = 3*g + 2. Let j be (-2)/9 - 7/(315/(-820)). Suppose -13*r + j*r = -5. Determine s(r).
-1
Let v(f) = -2*f**2 - f + 1. Let m(c) = 9*c**2 - 16*c + 75. Let j(r) = m(r) + 4*v(r). Determine j(13).
-12
Let k(m) = 2*m**3 - 2*m**2 - 2*m + 1. Suppose 0 = -5*p - 0*p + 10. Let o be k(p). Let h(a) = -2 + 13 + 5*a - 3*a - 3*a. What is h(o)?
6
Suppose 24*i - 17*i - 448 = 0. Let y = 64 - i. Suppose v + v + 12 = y. Let f(u) = u**3 + 6*u**2 - 2. Calculate f(v).
-2
Let w(f) = -4*f - 3. Let y be w(-2). Let x(p) = 5 - 3*p**3 + 5 - 11 - y*p**3. Suppose 1 = 3*t - 2. What is x(t)?
-9
Let a(t) = 52 + 16 + 41 - 83 - t. Give a(13).
13
Let n(m) = -m**3 + 72*m**2 - 77*m + 423. Let o be -12 + (-753)/(-9) + 9/((-27)/2). Calculate n(o).
-3
Suppose -4*w + 767 - 195 = 0. Let g = -136 + w. Let a(y) = 2*y - 4. What is a(g)?
10
Let q(z) = 48 - 96 + 37 + z**2 + 30 - 10*z. Determine q(5).
-6
Let i(k) = -5*k**2 - 13*k + 26. Let m(r) = 2*r**2 - 2. Let a(l) = -i(l) - 3*m(l). Determine a(10).
10
Let c(i) = -i + 12. Suppose 8*p + 1183 = -969. Let y = -263 - p. Give c(y).
6
Let m(l) = -13*l - 56. Suppose -5*v + 2*v + 3 = -2*i, 6*i = 4*v - 24. Give m(v).
-17
Let o = -3408 + 3416. Let a(b) = -b**2 + 9*b + 3. Determine a(o).
11
Let i(g) = -14*g - 14. Let n(d) = -5*d - 7. Let a(s) = -s**2 + 16*s + 33. Let o be a(18). Let f(p) = o*i(p) + 7*n(p). Give f(3).
14
Let i be (-3)/(-4) + 7548/816. Let g(t) = -3*t + 25. Determine g(i).
-5
Suppose -8*u - 151 + 159 = 0. Let n(v) = 2*v**2 - 4*v + 1. Let o(i) = i**2 + i + 2. Let w(x) = u*n(x) - 3*o(x). Give w(-5).
5
Let s(u) be the second derivative of 26*u**5/5 + u**4/12 + u**3/3 + u**2/2 - 1407*u. Give s(-1).
-104
Let q(k) = -164*k**2 + 2*k - 8. Let j(i) = -78*i**2 - i - 1. Let y(b) = 2*j(b) - q(b). Give y(2).
30
Let d(z) = -12*z + 9. Suppose 3*y - 6 = 3*j, 0 = -4*y - 3*j - 1808 + 1837. Determine d(y).
-51
Suppose 4*p - 2 = 2. Let d(a) be the second derivative of a**4/6 + a**3/6 + 7*a**2 + 71*a. Let z(u) be the first derivative of d(u). Calculate z(p).
5
Let z = -82 + 82. Let y(v) = z*v - 16 + 4*v + 36 - 21. Let j(s) = s**2 + 2*s - 4. Let n be j(-3). Calculate y(n).
-5
Let y(m) = 153*m**2 - 4 + 153*m**2 + 12*m + 158*m**2 + 159*m**2 - 624*m**2. What is y(14)?
-32
Let d(n) be the first derivative of -n**3/3 - 7*n**2/2 + 4*n + 539. Let u = 4 + -11. Let t(r) = -r - 12. Let l be t(u). What is d(l)?
14
Let l(g) = -g**3 - 2*g**2 + 5*g + 4. Suppose -15*o - 10272 = -2472. Let k be (o/72 - -4) + (-4)/(-18). What is l(k)?
-2
Let x(h) be the second derivative of h**5/20 + h**4/12 + h**3/6 - 2*h**2 + 94*h. Let m(g) = -5*g + 95. Let n be m(19). Calculate x(n).
-4
Let s(k) = -2*k - 2*k + 5 + 3. Let y(p) = -35*p**2 - 3463*p + 205. Let a be y(-99). Give s(a).
-20
Let v(u) = u**2 - 2*u - 4. Let g be -5 + (3/(-4) - 129/(-12)). Suppose -t = -b + 2*b, -2*t - 14 = -g*b. Calculate v(b).
-4
Let j(k) = -12*k + k + k + 44 - 38. What is j(-8)?
86
Let z(u) = -2*u**3 + 54*u**2 - 98*u - 41. Let n be z(25). Let m(s) = s**3 - 11*s**2 + 19*s - 10. Determine m(n).
-1
Let d(z) be the second derivative of z**5/20 + z**3/6 + 11*z**2/2 + z. Let x be 8/(-6)*1/((-4)/66). Let f = x + -22. Calculate d(f).
11
Let z be 192/192*(0 + 1). Let b(p) = -3*p + 2*p**2 - 2*p + 4*p + 4*p**3. What is b(z)?
5
Suppose 2*u + 2 = -0*u. Let c(t) = 13*t**2 + t + 4. Let g(q) = -10*q**2 - q - 3. Let j(l) = -2*c(l) - 3*g(l). Give j(u).
4
Let l(j) = -3*j**3 + j**2 - 2*j + 1. Let k(s) = -37*s**3 + 20*s**2 - 3*s + 22. Let d(z) = -k(z) + 12*l(z). Give d(10).
-20
Let h(v) = 105*v**2 - v - v - 53*v**2 + v - 67*v**2. What is h(1)?
-16
Suppose a + 5*w = -23, 451*a - 3*w - 9 = 450*a. Let k(d) be the third derivative of d**5/60 - d**4/24 - d**3/6 - 19*d**2. Determine k(a).
11
Let b(r) be the third derivative of -r**6/120 + 17*r**5/60 - 17*r**4/24 + 5*r**3/2 + r**2 - 415*r - 2. Determine b(16).
-1
Let q(f) = 420*f + 5. Let m(x) = -242*x - 2. Let d(r) = 7*m(r) + 4*q(r). Determine d(-3).
48
Let k(a) = -a**3 + 7*a - 1. Suppose -36*v - 20 = -46*v. Let y be v*(-9)/(-36)*-6. Calculate k(y).
5
Let x(f) be the third derivative of 2*f**2 + 1/6*f**4 - 1/6*f**3 - 1/120*f**6 + 9*f + 0 - 1/15*f**5. Give x(-4).
-17
Let u be ((1/3)/(-1))/((-45)/29025). Suppose u = w + 217. Let l(f) = -2*f**3 - f**2 + 2*f - 1. Calculate l(w).
7
Let l(s) = -s + 7. Let k = 43 - 41. Suppose 52 = 22*w - 9*w. Suppose 4*g = t + 27, k*g - w*t + 1 - 25 = 0. Determine l(g).
1
Let i(u) = u**2 - 3*u - 11. Suppose t = 3*t - 178. Let x = -84 + t. Calculate i(x).
-1
Let u(b) = -23*b**2 - 7*b + 23. Let p(r) = -10*r**2 - 3*r + 11. Let w(g) = 9*p(g) - 4*u(g). What is w(0)?
7
Let r be (-3)/30 + 243/30. Let x(q) = -q + r*q - 12*q**3 - 6*q. Calculate x(-1).
11
Let w be 30/(-40) - (-76)/16. Let y(x) = -2*x**2 - 1 + 9 + 84*x**3 - 2